the prime factors of w?
2, 1103
Let f be ((-4)/(5 - -3))/((-2)/188). Let s = f - -43. Suppose 0 = 7*z - 622 + s. What are the prime factors of z?
2, 19
Let h(v) be the first derivative of v**4/4 + 19*v**3/3 + 27*v**2/2 + 35*v + 147. What are the prime factors of h(-17)?
2, 7, 11
Let z(b) = b**2 + 7*b - 30. Let r be z(-10). Suppose r = -2*g + 69 + 9. Let x = g + 73. What are the prime factors of x?
2, 7
Let c(i) = -16*i - 43. Let y(p) = p**2 - 11*p - 24. Let w be y(11). List the prime factors of c(w).
11, 31
Let w = 8822 + -3240. What are the prime factors of w?
2, 2791
Suppose -3*y + 532 = 2*t, 3*y = -7*t + 12*t - 1288. Let z = t - -294. List the prime factors of z.
2, 277
Suppose 65*r - 60*r = -5*h + 3735, -3*r - 2199 = -3*h. What are the prime factors of h?
2, 5, 37
Let b(p) = p**3 - 2*p**2 - 7*p + 81. Let f be b(0). Let i(a) = a**3 - 4*a**2 - 3*a + 2. Let h be i(5). Suppose -3*v - h = -f. List the prime factors of v.
23
Let p = -217 + 222. Suppose p*w - 2067 - 968 = 0. What are the prime factors of w?
607
Let c = 75 - 73. Suppose -k - 279 = c*k. Let n = -89 - k. List the prime factors of n.
2
Let t = 11975 + -251. What are the prime factors of t?
2, 3, 977
Let n(c) = -4*c + 23. Let v be n(5). Let r = 371 - v. What are the prime factors of r?
2, 23
Let q(b) = b**3 + 14*b**2 + 12*b - 13. Let v be q(-13). Suppose v = -z - 2*y + 1071, 2*y - 3192 = -3*z + 3*y. What are the prime factors of z?
3, 5, 71
What are the prime factors of -5560*((-8)/(-16))/(7/(-14))?
2, 5, 139
Suppose j = 3*z - 15280 + 1345, 0 = 2*z - j - 9291. What are the prime factors of z?
2, 3, 43
Suppose -88 = -0*l + 3*l + 2*x, -5*l - x - 149 = 0. Let i = 51 - 45. What are the prime factors of (-2142)/l + i/10?
2, 3
Let o = 1774 + 427. What are the prime factors of o?
31, 71
Suppose -3*l + 7*l - 156980 = -6*l. List the prime factors of l.
2, 47, 167
Let b(m) = -m**3 - 48*m**2 - 27*m - 77. List the prime factors of b(-49).
7, 521
Let o(w) = -35 + 642*w - 792*w + 1194*w. What are the prime factors of o(1)?
1009
Suppose 2*o - 13*o + 5550 = 4*o. List the prime factors of o.
2, 5, 37
Let j be 4*(3 - 15/12). Suppose -1104 = 4*o - j*o. List the prime factors of o.
2, 23
Let m(l) = -6*l**2 + l - 7. Let j(g) = -6 + 3*g - 2*g + 0*g - 11*g**2 - 7. Let z(r) = -3*j(r) + 5*m(r). What are the prime factors of z(-5)?
3, 23
Suppose 3*r - 10*w = -5*w - 1, 2*r + 8 = -4*w. List the prime factors of -4*-6*r/30*-570.
2, 3, 19
Suppose -3*n = 2*k + 6419 - 23623, -2*n + 5*k = -11444. What are the prime factors of n?
2, 1433
Suppose -424 = 5*m - 4*h, -m + 2*m - 4*h + 88 = 0. Let q = m + 86. Suppose 5*t = q*j - 4*j + 727, -4*t + 580 = 2*j. List the prime factors of t.
3, 7
Let d(n) = -50*n - 1. Let u(o) = -249*o - 6. Let b(m) = 24*d(m) - 5*u(m). List the prime factors of b(14).
2, 3, 53
Let m(u) = 4*u**2 - 43*u + 5. Let l be m(11). Let o(a) = 4*a - 47. What are the prime factors of o(l)?
17
List the prime factors of (840/(-315))/((-4)/(-198))*-146.
2, 3, 11, 73
Let l = -533 - -540. Suppose -l*r = -r - 4740. List the prime factors of r.
2, 5, 79
Suppose -t - 132 = 11*t. What are the prime factors of (-1 - (-2 + t))*107?
2, 3, 107
Suppose 8*y - 5082 = -4*n + 14*y, -3*n = -3*y - 3804. List the prime factors of n.
3, 421
Suppose -15603792 - 2511461 = -569*r. What are the prime factors of r?
13, 31, 79
Let b be 76/((-1)/(3/2*-2)). Let h = -111 + b. List the prime factors of h.
3, 13
Let g(w) be the third derivative of w**5/60 - 5*w**4/8 - 23*w**3/3 - w**2 + 3*w. List the prime factors of g(20).
2, 3
Let y(v) = -v**3 + v**2 + 2*v + 4. Let t be y(0). Let j be ((-1)/t)/(2/(-24)). List the prime factors of 53 + j - 8/(-1 - 3).
2, 29
Let c = -112 - -122. Let x be (36/c)/(-6) + (-2)/5. List the prime factors of 65*(-2)/(-1) + (x - 1).
2
List the prime factors of -1129*(-5 + 17 + -14).
2, 1129
Let f = 3549 - -991. What are the prime factors of f?
2, 5, 227
List the prime factors of 31/(279/30402) + 6.
2, 3, 47
Let s = -64717 - -91890. What are the prime factors of s?
29, 937
Let b(c) = -627*c**3 - c**2 + 7*c + 20. What are the prime factors of b(-2)?
2, 13, 193
Suppose 4*o - 2*s = 371 - 53, 3*s = 15. Suppose -88*b + o*b = -4290. What are the prime factors of b?
5, 11, 13
Suppose 5*q = -w + 3218, -13*q + 17*q - 2*w = 2580. Suppose 4*k = 2496 - q. List the prime factors of k.
463
Suppose 784180 = 29*j - 203744 + 84922. List the prime factors of j.
2, 15569
Suppose -4*w + x = -256, 0 = 2*w + 3*w + 5*x - 295. Suppose -4*r - 338 = -2*m, -401 + w = -2*m - 3*r. Let n = m + -76. List the prime factors of n.
3, 31
Suppose -5*g + 8*a - 7*a = -14319, 14315 = 5*g - 5*a. Suppose g = -30*d + 34*d. Suppose 0 = -4*v + d + 292. List the prime factors of v.
2, 3, 7
Let s(t) = 2*t**3 - 54*t**2 + 70*t - 225. List the prime factors of s(38).
3, 13, 877
Suppose -9*t + 368 = 1097. Let v = t - -1370. List the prime factors of v.
1289
Suppose -51*g + 53*g - 5*t + 11 = 0, t + 5 = 4*g. Suppose 14*l = -g*l + 704. What are the prime factors of l?
2, 11
Suppose 212*x - 13 = 213*x. What are the prime factors of -2*x/(182/6489)?
3, 103
Let c(d) = 1. Let j = 36 - 35. Let p(n) = -14*n - 31. Let s(b) = j*p(b) + 5*c(b). What are the prime factors of s(-17)?
2, 53
Suppose -2*z = -8841 - 2667. What are the prime factors of z?
2, 3, 7, 137
Let w = -103 - -110. Let r be (19 - 11)*(w/4 - 1). List the prime factors of ((-204)/(-85))/(r/100).
2, 5
List the prime factors of (26141 - 85) + 14/(-4)*-2.
67, 389
Suppose 856*h + 1145301 = 927*h. List the prime factors of h.
3, 19, 283
Suppose 2*d - 3*w = 3, -5*d - 6*w + w + 20 = 0. Suppose d*h = -2*v + 2476, v = -3*v + 8. What are the prime factors of 6/(-15) + h/10?
2, 41
Suppose 1013*l - 1005*l + 734600 = 0. List the prime factors of 4/6 - 1 - l/75.
2, 3, 17
Suppose 16 + 9 = -5*v. Let n = 730 - 734. List the prime factors of v/((-10)/n) - -116.
2, 3, 19
Suppose -2*r - 4*j - 7666 = -35308, -r + 4*j + 13833 = 0. List the prime factors of r.
5, 7, 79
Let k = -36 + 51. Suppose 3*y + 3 = k. Suppose 108 = 4*p - 3*x, y*x - 18 + 2 = 0. What are the prime factors of p?
2, 3, 5
Let l(q) = -13*q + 82. Let r be l(6). Suppose 62 = 2*x - r. List the prime factors of x.
3, 11
Suppose -4*i + 9 = 4*r + 1, 2*r + 4*i = 8. Suppose -l - 36 + 257 = r. What are the prime factors of l?
13, 17
Suppose -15*u + 10871 = -1204. Suppose 10*y - 12675 = u. What are the prime factors of y?
2, 337
Suppose -134*t + 6636 = -128*t. Suppose -2*z = q - 206 - t, -3285 = -5*z - 5*q. What are the prime factors of z?
5, 131
Suppose 2*y + a + 86 = y, 2 = -a. List the prime factors of 19098/42 - 3*8/y.
5, 7, 13
Let c be (-45 + (-12)/2)/(1 + 0). Suppose 5*k - 2*m + 686 = -58, 0 = 5*k + 2*m + 756. Let n = c - k. List the prime factors of n.
3, 11
Suppose j = -3*g - 4*j - 100, 0 = 5*j - 20. What are the prime factors of 4897*(-3)/(-24) - (-5)/g?
2, 3, 17
Let d(h) = 285*h + 2. Let w be (2/(2 - 1))/((-12)/(-18)). List the prime factors of d(w).
857
Suppose 25131 = 4*g - 5*m - 3085, 5*g - 35270 = -m. What are the prime factors of g?
2, 3527
Let o be 54/10 + (-8)/20. Let i be 2 - 0 - (-6 + o). Suppose i*f + 0*t = -4*t + 265, -10 = 5*t. List the prime factors of f.
7, 13
Let c = 491 - -1515. List the prime factors of c.
2, 17, 59
Let s(x) = 9*x + 57. Let v be s(-3). List the prime factors of (-207532)/(-390) - 4/v.
2, 7, 19
Suppose -c + s = 2, -4*c - 2*s + 11 + 11 = 0. Suppose -8 = -11*r + 10*r - c*g, 4*g = 8. What are the prime factors of 0/r + -7 + 167?
2, 5
Suppose a - 18*a = -6902. Let i = 79 + a. List the prime factors of i.
5, 97
Let k = -2027 + 3661. Suppose 19554 - k = 20*f. What are the prime factors of f?
2, 7
Let u(x) = -1237*x - 2986. What are the prime factors of u(-45)?
11, 4789
Suppose 0 = 8*a - 12606 - 48414 - 6012. What are the prime factors of a?
3, 7, 19
Suppose -3*o = 3*h - 216, -4*h - 4 = -3*h. Let d = 6028 + -5932. Suppose -d = -l + o. List the prime factors of l.
2, 43
Let n(r) = 325*r**2 + 7*r + 7. Let i be n(-2). Suppose i - 361 = 4*c. List the prime factors of c.
233
List the prime factors of ((-975)/(-26) + 2 + -1)*370.
5, 7, 11, 37
Let o = 625 + -620. Suppose 0 = -n + o, -4*n + 548 = 2*g. List the prime factors of g.
2, 3, 11
Let y(m) = 6*m**3 - 85*m**2 + 16*m + 187. List the prime factors of y(30).
199, 433
Let m(l) = -3*l - 24. Let